 + 11*r + 2. Give g(h).
6
Let w(r) = r - 16. Suppose -18*t - t = -1235. Suppose n + 2*n = 4*y - t, n = -y + 18. Give w(y).
1
Let c(m) = -5*m**3 - 8*m**2 + m - 5. Let u(k) = -k**2 + 13*k - 30. Let g be u(9). Let y(r) = 4*r**3 + 8*r**2 - r + 5. Let n(l) = g*y(l) + 5*c(l). What is n(8)?
-3
Let i(q) = 0*q - 2*q + 3*q. Let c(m) = -9. Let u(h) = -c(h) + 2*i(h). Suppose 380*z + 1232 + 775 + 1306 - 1033 = 0. Calculate u(z).
-3
Let m = -7 + 4. Let o(k) = -2 - 3*k - 7*k**2 + 8*k - 3*k + 9*k**2. Calculate o(m).
10
Let l(y) = 5*y**3 - 13*y**2 + 10*y - 2. Let w(z) = -5 + 2*z**3 - 25*z**2 + 3*z**3 - 1160*z + 1178*z + 4*z**3. Let k(m) = 11*l(m) - 6*w(m). Give k(-7).
-6
Let b be 5/(-15) - 56/(-24). Let z(a) = -3*a**2 + 4*a - 4. Let j be z(b). Let x(m) = m**3 + 8*m**2 + 4*m + 11. Determine x(j).
-21
Let r(u) be the first derivative of -u**6/360 + u**5/12 + u**4/2 + 11*u**3/3 + 2*u - 33. Let g(k) be the third derivative of r(k). Calculate g(11).
1
Let w(v) = -3*v - 2. Let r(b) be the first derivative of b**3/3 - 2*b**2 + b - 148. Let t be r(2). What is w(t)?
7
Let o(k) = -k**3 + 5*k**2 - 5*k + 2. Suppose -16 = -6*x - 2*x. Suppose 0 = -x*q - 7 + 17. Determine o(q).
-23
Suppose -14 = -3*y + 16. Suppose 0*o - y = -5*o. Let r(a) be the second derivative of -a**3/2 + a**2/2 + 164*a + 1. Determine r(o).
-5
Let g(u) = 7*u**3 + 44*u**2 + 3*u - 4. Let r(h) = 14*h**2 + h - 1. Let j(w) = -g(w) + 3*r(w). Determine j(2).
-63
Let k be (8/(-6))/(84/(-27) + 3). Let s(x) = -5*x - 7 - k*x**3 + 11*x**3 - 6*x + x - 11*x**2. Let t be s(-10). Let l(n) = n**3 + 7*n**2 + 1. What is l(t)?
1
Let j be 0*-2*(-2)/4. Suppose -4*u - 24 + j = 0. Let g(c) be the first derivative of -c**4/4 - 5*c**3/3 + 5*c**2/2 - 3*c - 836. What is g(u)?
3
Let f(x) = 2*x**2 - x - 12. Let j be (-10)/50 + 186/30. Determine f(j).
54
Let c(m) = -7*m**3 - 2*m - 9. Let s(v) = 17*v**3 - v**2 + 3*v + 22. Let q(j) = -5*c(j) - 2*s(j). What is q(3)?
58
Let x(k) = 25*k - 172. Let w = -32904 + 32911. Give x(w).
3
Suppose 7 = 4*d - 41. Let y(n) = -d*n - 2*n**3 - 4*n**2 - 15*n + 26*n - 3. Determine y(-3).
18
Let w(s) = s**2 + 13*s - 53. Suppose 27*b + 5*r = 23*b - 53, 0 = 2*b - 6*r + 52. Give w(b).
15
Let r(x) = 71*x**2 - 6*x + 6. Let u(m) = -17*m**2 + m. Let g(f) = r(f) + 4*u(f). What is g(2)?
14
Let z = -8637 + 8631. Let m(a) = a**3 + 7*a**2 + 10*a + 24. What is m(z)?
0
Let a(s) = s**2 + 12*s + 19. Let y(r) = -3*r**2 - 2*r - 1. Let x be y(-2). What is a(x)?
-8
Let u = 37 - 29. Let a = u - 4. Let t(q) be the third derivative of -q**4/12 + q**3 - 11*q**2. Calculate t(a).
-2
Let s = 48 + -42. Let d(c) = c - 4*c - 5*c**2 + s*c**2. Let b(o) = -o**2 + 3*o. Let h(i) = 6*b(i) + 5*d(i). Determine h(3).
0
Let i(x) be the second derivative of -x**7/2520 - x**5/60 - 13*x**4/6 - x - 9. Let r(a) be the third derivative of i(a). Calculate r(3).
-11
Let w(b) = 351*b**2 - 39*b + 563. Let m(r) = -88*r**2 + 10*r - 147. Let u(c) = 23*m(c) + 6*w(c). Calculate u(-1).
83
Let f(p) be the first derivative of p**6/120 - p**5/10 - p**4/3 + 3*p**3/2 - 80*p**2 - 30. Let r(g) be the second derivative of f(g). Calculate r(7).
2
Let u be (3 - 1)/(-4)*-4. Let x(s) = 3*s - s**u - s**2 - 6*s + 5*s - 3 + s**3. Let g = 3 + -1. Calculate x(g).
1
Let s(t) = 729*t**2 + 728*t**2 - 75 - 2917*t**2 + 730*t**2 + 729*t**2 + 18*t. What is s(6)?
-3
Let m be (20/(-6))/(4/6). Let s be -1 + -5 - (10 - 13). Let x(c) = -3*c**2 + 18*c - 5. Let a(r) = 2*r**2 - 10*r + 3. Let h(w) = s*x(w) - 5*a(w). Determine h(m).
-5
Let v = 44 + -37. Suppose v*q + 49 = 7. Let n(o) = o**3 + 6*o**2 - 2*o - 9. Calculate n(q).
3
Let x(i) = -7*i**3 - i**2 - 2*i + 3. Let h(m) = 6*m**3 + m**2 + 2*m - 2. Let v(c) = -6*h(c) - 5*x(c). Suppose 4*j = 8*j + 5*k + 27, j + 6 = -k. Calculate v(j).
21
Let f(y) = 13*y**3 + 12*y**2 - 37*y + 19. Let o(k) = -15*k**3 - 12*k**2 + 39*k - 17. Let x(r) = -7*f(r) - 6*o(r). What is x(-14)?
11
Let t(d) = -39*d**2 - 78*d - 51. Let s(p) = 3*p**2 + 6*p + 4. Let c(x) = 27*s(x) + 2*t(x). Suppose -5 = 23*j - 6*j + 63. Determine c(j).
30
Let w be (-91)/13 + -4 + 15. Let l(n) = 2*n**2 + 4*n - 16. What is l(w)?
32
Let w(l) = 92*l - 13. Let d(h) = -41*h + 6. Let b(y) = -9*d(y) - 4*w(y). Give b(-4).
-6
Let y(g) = 5*g - 3. Suppose 5*l = -3*x + 76, -2*x + 56*l + 49 = 61*l. Suppose -24*c = -x*c + 15. Determine y(c).
22
Let z = 5239 - 5257. Let f(r) = r**3 + 19*r**2 + 15*r - 62. Determine f(z).
-8
Let q(b) be the first derivative of -b**4/4 + b**3/3 + 6*b**2 - 7*b + 3652. Calculate q(3).
11
Let p = -3236 + 3239. Let j(w) = -13*w + 34. Calculate j(p).
-5
Let x be ((-5238)/(-16))/9 - 3/8. Suppose x = 93*n - 84*n. Let g(r) = r**3 - 4*r**2 + 6*r. Determine g(n).
24
Suppose 4*o + 2*p + 24 = -p, -2 = -2*o + 2*p. Let c(k) = -3*k**2 - 132*k - 1. Let m(z) = -14*z**2 - 596*z - 5. Let s(g) = -9*c(g) + 2*m(g). Calculate s(o).
2
Suppose 7*s - 2*q - 6 = 3*s, -4*q = -4*s + 4. Let n(t) = 16*t**s + 20*t**2 - 3 + 17*t**2 - 67*t**2 - 9*t + 15*t**2. Give n(9).
-3
Let x(j) = -j**2 - 4*j - 2. Let g be (-346)/(-18) + (-4)/18. Suppose 816 = -22*i + 288. Let q = i + g. Calculate x(q).
-7
Let p(h) = h**2 - 3*h - 1. Let t(u) = 18*u**2 - 62*u - 14. Let l(o) = -19*p(o) + t(o). Suppose 0 = -i - 3*i - 24. What is l(i)?
-1
Let v(p) = -13*p - 2. Let f(m) = m**2 + 13*m - 72. Let w be f(-17). Let g(d) = 1. Let r(h) = w*g(h) - v(h). What is r(2)?
24
Let l be 0 + (50/(-200) - (-2 - -3)/(-4)). Let j(g) = -8*g**2 + 5*g**2 + 2*g**2 + 2*g**3 + 2 - 8. What is j(l)?
-6
Let o(h) be the first derivative of 1/20*h**5 - 7/12*h**4 - 3/2*h**3 + 5/2*h**2 - 8*h - 2. Let a(z) be the first derivative of o(z). Determine a(8).
-3
Let z(t) = -t**3 - 5*t**2 - 6*t + 8. Let g be z(-6). Let u = g + -61. Let n(f) = 4 + 18*f - 5 + 3 - u*f. Calculate n(9).
-7
Let c(b) = b**3 - 5*b**2 + 5*b - 3. Let p(o) = -o**3 - 5*o**2 + 11*o + 32. Let j be p(-6). Let z be 9 - 5 - -2 - j. Determine c(z).
1
Let m(q) be the first derivative of q**4/4 - 3*q**3 + 4*q**2 - 6*q - 1056. Calculate m(8).
-6
Let n = -33 - -23. Let h(p) = p**2 + 7*p - 34. Let o be h(n). Let z(b) be the second derivative of b**5/20 + b**4/3 + 2*b**2 + 2*b. What is z(o)?
4
Let x(s) = -2*s**3 + 6*s**2 + 6*s + 5. Let g(h) = h**3 - 2*h**2 - 2*h - 2. Let q(c) = 7*g(c) + 3*x(c). Give q(-2).
1
Let c(q) = -4*q + 46. Let w = -35780 + 35766. Determine c(w).
102
Let y(x) be the first derivative of -2*x**2 + 35*x + 437. Let h be -9 - -2 - -12 - (-10)/2. What is y(h)?
-5
Let r be (-10)/(0 + -1*2). Let w(s) = -s + 203047 + 203039 - 406080. Calculate w(r).
1
Let d(y) = y**2 + 10*y + 5. Let l be (3/9)/(6/126). Let q be (-5*l/(-70))/((-1)/20). Give d(q).
5
Let d(h) be the third derivative of h**5/60 + h**4/12 + 2*h**3/3 + 2*h**2. Suppose 0 = -17*p + 16*p + 37. Suppose -34 + p = -z. Determine d(z).
7
Let r(m) = -10*m**3 - 2*m + 1. Let u = -2256 - -2257. Determine r(u).
-11
Let s(y) = 3*y + 89*y**3 + 8*y**2 + 11 - 28*y**3 - 31*y**3 - 29*y**3. Determine s(-8).
-13
Let u(i) = i**3 - 6*i**2 - 2*i + 2. Suppose q = 32 - 29. Suppose s - 5 = -a, -q*a - 3*s = 2*a - 27. Calculate u(a).
-10
Let y(k) = k + 10. Let c(q) = 1. Let h(n) = n**2 - 8*n + 17. Let f be h(4). Let g(a) = f*y(a) - c(a). What is g(-3)?
6
Let c(u) = -u**3 + 5*u + 5. Let d be -22*2/16 + (-6)/(-8). Give c(d).
3
Let y(x) = -7*x**2 + 9*x - 10. Let b(u) = -12*u**2 + 18*u - 20. Suppose 0 = 3*d - 2*c - 3*c, 2 = 2*d - 4*c. Let a(w) = d*y(w) + 3*b(w). What is a(8)?
-2
Let b(c) = -c**2 - 4*c + 1. Suppose -a = -16*a - 105. Let u(o) = 3*o + 16. Let z be u(a). What is b(z)?
-4
Let b(j) be the second derivative of -j**5/20 + 2*j**4 - 9*j**3/2 - 27*j**2/2 + 8*j - 94. Give b(23).
-119
Let g(m) be the first derivative of -m**4/4 - 2*m**3 - 9*m**2/2 - 9*m - 3. Let p(a) = -6*a**2 - 765*a + 765. Let q be p(1). Give g(q).
45
Let s(w) = -96*w - 41. Let z(h) = -25*h - 9. Let x(k) = 3*s(k) - 11*z(k). Give x(-1).
-11
Let m(p) = 2*p**3 + p**2 - 10. Let d be m(0). Let q be (3 - 4)/3*60/d. Let h(o) = o**3 - o**2 + 2*o - 3. What is h(q)?
5
Suppose -4*g + 21 = -g. Let f = -12 + g. Let p(a) be the second derivative of -a**3/6 - 2*a**2 + 4599*a. What is p(f)?
1
Let j(o) = -126 - 18 - 33*o - 73 + 11*o. Let k be j(-10). Let b(r) = -2*r**2 + 5*r - 2. Calculate b(k).
-5
Let t be (((-60)/(-48))/(1/72))/2. Let x(q) = -7 - 82*q**2 - 6*q + 36*q**2 + t*q**2. Give x(-5).
-2
Suppose -b - 4